 16/(-12)*23*-3. Suppose -5*q = -20, -2*k + q - 20 + v = 0. Calculate the highest common divisor of u and k.
19
Let m = -36 - -40. Suppose 0 = m*p - 149 - 71. What is the greatest common factor of p and 5?
5
Suppose 354 = -14*f + 452. Calculate the highest common factor of f and 4.
1
Suppose -16968 = -50*w + 22*w. Calculate the greatest common divisor of 6 and w.
6
Let k = -86 + 94. Suppose 8 = -3*g + 2. Let f be 138/9 - g/3. Calculate the greatest common divisor of f and k.
8
Let n(l) = l**2 + 3*l + 2. Let k be n(3). Suppose -8*o = -4 - k. Let q = 0 + o. What is the greatest common divisor of q and 6?
3
Suppose 0 = -5*u - 2*g + 1272, 0 = -u + 4*g + 304 - 32. What is the greatest common divisor of 320 and u?
64
Suppose 0 = c - 0*c - 19. Let r = c + -14. Suppose r*x - 290 = 2*d, 4*x - 2*d - 42 = 192. Calculate the highest common factor of 8 and x.
8
Suppose 214 + 431 = 2*x - 3*b, 6*x - 3*b - 1965 = 0. What is the greatest common factor of 30 and x?
30
Let j be (34/4)/(1/(-2)). Suppose -2*v + 41 = -25. Let u = j + v. What is the greatest common factor of u and 8?
8
Let n be 52 - (22/(-33))/((-2)/(-12)). Let u be (3 + 11)/(2/4). What is the greatest common divisor of n and u?
28
Suppose 0 = -g - g + 308. Suppose 2*s = -p - 1, 10 = s - 6*s. Suppose x - p - 1 = 2*t, 5*x - 60 = 2*t. Calculate the highest common factor of g and x.
14
Let b be ((-2)/(-4))/(1/376). Suppose 0 = j - 6*j - 445. Let d = b + j. What is the highest common divisor of d and 11?
11
Let p be 64 + 1/(3 + (-2 - 2)). What is the highest common factor of 72 and p?
9
Let q = -294 - -312. What is the highest common factor of q and 27?
9
Let y = -31 + 59. Suppose -13 + 21 = 2*q. What is the greatest common factor of y and q?
4
Let t = -190 + 311. Let v = t + -66. Calculate the highest common divisor of v and 44.
11
Let p = 88 + 19. Suppose -5*d = 2*k - 137, 0*d + p = 2*k - d. What is the highest common divisor of k and 7?
7
Let o(q) = -23*q - 3. Let w be o(-1). Let v be ((-15)/w)/(2/(-104)). What is the greatest common factor of v and 26?
13
Let h(m) = -4*m**2 - 50*m - 15. Let b be h(-10). What is the greatest common factor of b and 17?
17
Let v(b) = -3*b**3 - 2*b**2 + 2*b + 80. Let n be v(0). Calculate the greatest common factor of 128 and n.
16
Let u(j) = 26*j**2 - 2*j - 3. Let y be u(4). Let f(l) = -l**3 + 6*l**2 + 32*l. Let d be f(9). Calculate the greatest common factor of d and y.
45
Suppose 5*n = f + 7 - 135, 20 = 4*n. Calculate the highest common factor of f and 9.
9
Suppose u - f = 81, 3*u + 2*f - 82 = 146. Suppose -6*r + 3*r + u = 0. What is the greatest common divisor of 39 and r?
13
Let x be ((-10)/4)/(3/6). Let y(s) = s**3 + 6*s**2 + 6*s + 16. Let h be y(x). What is the highest common factor of 44 and h?
11
Suppose 3*o = t - 1119 + 210, -1782 = -2*t - 3*o. Calculate the highest common factor of 207 and t.
69
Let q be 159/2 - 1/(-2). Let b be ((-184)/230)/(2/5*-1). Suppose b*j - 72 = -8. What is the greatest common factor of j and q?
16
Let t = 258 - 253. Calculate the greatest common divisor of 20 and t.
5
Let b be 238/3 - 21/63. Suppose 5*p + b = 254. Suppose -i + p = -63. Calculate the highest common divisor of i and 14.
14
Let t = 2469 - -247. What is the greatest common divisor of t and 56?
28
Let o be (-4)/(-3) + 11/(66/208). What is the highest common divisor of 63 and o?
9
Suppose 10*w - 131 = 249. Suppose g - 2*b - 89 = 0, -3*g + 0*g + 297 = 4*b. Calculate the greatest common factor of w and g.
19
Suppose -4*m + 2*b = -144, -2*m + 84 = -b - 3*b. Suppose 5*a - 3*y - 122 = y, m = a - 4*y. What is the greatest common divisor of 198 and a?
22
Let q(k) = -27*k + 18. Let j(p) = -p**3 + 10*p**2 - 15*p - 15. Let o be j(8). Let n be q(o). What is the greatest common factor of 23 and n?
23
Let x(g) = -31*g - 14. Suppose 5*a - 3*i + 5*i = -18, -4*a + i - 4 = 0. Let q be x(a). What is the greatest common factor of 120 and q?
24
Let q(u) = -u**3 + 8*u**2 + 3*u + 29. Let t be q(-6). What is the greatest common factor of t and 412?
103
Suppose -k - h - 35 = -6*k, 2*k = -h + 7. What is the greatest common divisor of k and 21?
3
Let c(t) = 3*t + 70. Let g be c(-22). Suppose 0 = -2*z - 2, 3*h - g*z - 117 - 52 = 0. Calculate the highest common factor of h and 55.
55
Suppose -5*u - 4*z + 88 + 427 = 0, -5*u + 515 = -2*z. Suppose 3*d - u = -4*p, -2*p + 51 = d - 0*d. Calculate the highest common divisor of p and 5.
5
Suppose 0*k - 32 = -2*k. Let j(r) = r**3 + 4*r**2 - 4*r + 21. Let s be j(-5). Calculate the highest common factor of k and s.
16
Let u = -50 + 70. Let f = u - 17. Suppose 0 = f*d + 2*o + o - 60, 0 = -5*d + 2*o + 65. Calculate the highest common factor of 105 and d.
15
Let s(q) = q**2 + 6*q - 9. Let b be s(-9). What is the greatest common divisor of 738 and b?
18
Let b = 12 - 0. Let v(z) = -z**3 + 4*z**2 - 5*z + 10. Let u be v(3). Suppose -25 - 7 = -u*h. What is the highest common divisor of b and h?
4
Suppose -z = -3 - 75. What is the greatest common factor of z and 52?
26
Let w = 34 + -30. Let g be w/6*(3366/12)/11. What is the greatest common factor of 85 and g?
17
Let r(o) = -7*o**2 - 8 - 11*o + 8*o**2 - 4. Let i be r(-6). What is the highest common factor of i and 54?
18
Let t(w) = 4*w + 10. Let j be t(3). Let u be 10 - (84/j + (-2)/(-11)). What is the greatest common factor of 30 and u?
6
Let v(j) = -j**2 + 31*j - 175. Let t be v(14). Calculate the highest common factor of t and 14.
7
Let u(i) = -i + 15. Let o be u(11). Let l be 0 + (o - 5) + 29. Calculate the highest common factor of l and 4.
4
Suppose 0 = t + 46 - 142. What is the greatest common divisor of 16 and t?
16
Let g(f) = -17*f - 339. Let v be g(-20). Let o(u) = 7*u**2 - 2*u**3 + 4*u + 0*u**3 - 7 + 3*u**3. Let w be o(-6). What is the greatest common divisor of v and w?
1
Suppose 1984 = 75*s - 13*s. Calculate the greatest common divisor of 1264 and s.
16
Suppose -1142 - 134 = -58*h. What is the highest common factor of h and 55?
11
Suppose -5*p + 142 - 47 = 0. Let z be (1 + -3)/((-2)/p). Suppose -97*k = -100*k + 456. Calculate the highest common factor of z and k.
19
Let y(v) = -275*v - 46. Let b be y(-2). Calculate the greatest common divisor of b and 56.
56
Let r(t) = -t**3 - 9*t**2 - 16*t - 9. Let w be r(-7). Suppose -2 = 4*l - 18, w*l + 175 = 5*u. What is the highest common divisor of u and 117?
39
Suppose 3*a + 0*z = 3*z + 210, -2 = z. Suppose -4*c = -5*q + a, -4*c - 7 = -3*q + 29. What is the greatest common factor of q and 112?
16
Suppose 4*h + 38 = -22. Let n = h + 27. Suppose -46 + 142 = 4*o. What is the highest common divisor of n and o?
12
Suppose f - 186 = -v, -2*v + 3*f + 371 = 4*f. Let x = -108 + v. What is the highest common factor of 7 and x?
7
Suppose 15*f - 27 = 63. Let k(c) be the second derivative of 23*c**3/6 + 3*c**2 - c. Let r be k(f). What is the greatest common divisor of r and 18?
18
Let g be (-25414)/(-14) + (-14)/49. Let w be g/20 - 3/4. Calculate the greatest common divisor of w and 18.
18
Let w be ((-329)/(-28))/((6/80)/3). What is the highest common divisor of w and 94?
94
Let g(i) = -11*i - 55. Let y be g(-15). What is the highest common factor of y and 210?
10
Let f = -2220 - -2646. What is the highest common factor of 24 and f?
6
Suppose -18 = 2*f + 34. Let l be ((-22)/(-4))/((-13)/f). Suppose 3*p - 28 - l = 0. What is the greatest common divisor of 13 and p?
13
Suppose x - 3*m - 2138 = 0, m - 1951 = -x + 203. What is the greatest common factor of x and 25?
25
Suppose 9*a = 12*a + 4*z - 413, -5*z + 685 = 5*a. What is the highest common divisor of 27 and a?
27
Let g = -29 + 35. Let w = g - -24. Calculate the highest common divisor of w and 150.
30
Suppose 2*z + 2 = 2*i, 2*z + 4*i = -2*z - 12. Let g be z*(-4 - -6) + 48. What is the highest common factor of 11 and g?
11
Suppose -4*i + 4 = 0, -27*q + 5*i = -30*q + 68. Suppose -153 = 4*c - 825. Calculate the greatest common divisor of c and q.
21
Let d be 24/9*2*39/2. Let m = 641 + -381. What is the highest common divisor of d and m?
52
Suppose -2*a + 5*z - 5 = -7*a, a - 3*z = 9. Suppose -a*h + 8*h - 720 = 0. What is the greatest common divisor of h and 18?
18
Let n(u) = 7*u**3 + 2*u - 3. Let d be n(3). Let l be 24 + 23 + -7 - (3/(-3) - 7). What is the highest common divisor of l and d?
48
Suppose -124 = -2*j - 0*j. Suppose -j